 + -2230?
111113
In base 4, what is 312030 - -31?
312121
In base 16, what is 26c - 7c?
1f0
In base 4, what is -21 + -12031133?
-12031220
In base 8, what is 2 + 5027751?
5027753
In base 7, what is -6634 - -355?
-6246
In base 7, what is 11203 + -264?
10606
In base 3, what is -20101110 + -1120?
-20110000
In base 15, what is -2cbb + 6?
-2cb5
In base 7, what is -4 - -2324566?
2324562
In base 7, what is -35542122 + -5?
-35542130
In base 16, what is -1304 - -16?
-12ee
In base 13, what is 67bbac - -2?
67bbb1
In base 14, what is -2 + -126c3?
-126c5
In base 14, what is 0 - 53134?
-53134
In base 16, what is -17 + -3be5?
-3bfc
In base 2, what is -1101 - -11001000100001?
11001000010100
In base 4, what is 221 - 20133333?
-20133112
In base 10, what is 46 - 456?
-410
In base 11, what is -418 - 37?
-454
In base 8, what is -5021 + -16?
-5037
In base 2, what is -1100011 - -1100110010010?
1100100101111
In base 16, what is -16aff1 - 4?
-16aff5
In base 4, what is 10221 - 2000?
2221
In base 16, what is 2 - 342e?
-342c
In base 15, what is -4 + -1595?
-1599
In base 3, what is 121001 + -11102?
102122
In base 2, what is -10110101110100 + -11001011?
-10111000111111
In base 15, what is 2 - 3696?
-3694
In base 13, what is -194a - -1?
-1949
In base 12, what is 1743 - 7aa?
b55
In base 14, what is 9a6 + -1a?
98a
In base 4, what is 11 - 12111123?
-12111112
In base 6, what is -5 - -321102?
321053
In base 12, what is 64 - 13b3?
-134b
In base 13, what is -54649 - 0?
-54649
In base 3, what is 2 - -1002200202222?
1002200210001
In base 14, what is -8 - 1805d?
-18067
In base 16, what is -5 - 14ef7?
-14efc
In base 9, what is 758541 - 2?
758538
In base 15, what is 51a4 + -1?
51a3
In base 2, what is -11011101101111 + 10?
-11011101101101
In base 11, what is -a6 - -1546?
1450
In base 10, what is -121629 - 6?
-121635
In base 10, what is 378 - 997?
-619
In base 10, what is 62 - -242?
304
In base 4, what is 13010320221 + 3?
13010320230
In base 6, what is -344 - -52?
-252
In base 9, what is 202513 + 7?
202521
In base 15, what is -29c6b + -2?
-29c6d
In base 5, what is -4441010 + 4?
-4441001
In base 7, what is 4 - -33121?
33125
In base 3, what is 1020122120 - 12?
1020122101
In base 11, what is 688648 - -3?
688650
In base 2, what is 11 + -101100100000101000?
-101100100000100101
In base 16, what is -3 - 19e70?
-19e73
In base 13, what is 8 - -5189?
5194
In base 9, what is 23081 - 237?
22743
In base 12, what is -780 - 5?
-785
In base 5, what is 10404 - 20341?
-4432
In base 14, what is ca - 46?
84
In base 3, what is 2001020 - 1101?
1222212
In base 13, what is -20 - -146b?
144b
In base 16, what is 9a99d - 1?
9a99c
In base 8, what is 217 - 64044?
-63625
In base 7, what is -323 + 356?
33
In base 10, what is -3111529 + 4?
-3111525
In base 4, what is 13302132 - -230?
13303022
In base 6, what is 15323312 + -2?
15323310
In base 16, what is 16a7d + 4?
16a81
In base 9, what is 1712 + -12?
1700
In base 9, what is -201038 + -3?
-201042
In base 8, what is -322 + 413?
71
In base 11, what is 37 + 3283?
330a
In base 4, what is -102 - 31320001?
-31320103
In base 12, what is 368 - -89?
435
In base 14, what is 47663 + 3?
47666
In base 3, what is -21000101 - -10?
-21000021
In base 13, what is -46874 + 4?
-46870
In base 9, what is 50433 - 3?
50430
In base 14, what is 4c906 - -3?
4c909
In base 11, what is 22632 - -3?
22635
In base 15, what is -b + 1a92?
1a86
In base 9, what is 752 - -13?
765
In base 6, what is -3 + 102021134?
102021131
In base 12, what is -2558a - 2?
-25590
In base 8, what is 4761 - 5?
4754
In base 9, what is -326475 + 5?
-326470
In base 15, what is 145ce23 - 2?
145ce21
In base 10, what is 866997 + -3?
866994
In base 12, what is 1ab101 - -6?
1ab107
In base 15, what is -4 + -764e?
-7653
In base 8, what is -3 - -4364?
4361
In base 3, what is -1011 + 11111002?
11102221
In base 12, what is 5 - 53270?
-53267
In base 5, what is -41 - 12210?
-12301
In base 14, what is -a073 - -2?
-a071
In base 11, what is -36 + 16710?
16685
In base 15, what is 1e5c - -c?
1e69
In base 4, what is -3 + -2201022110?
-2201022113
In base 7, what is 35 + -422660?
-422622
In base 2, what is 10011100111010 + 100?
10011100111110
In base 6, what is 340123011 - -2?
340123013
In base 9, what is -2 + 77080?
77077
In base 7, what is 2454234 + -3?
2454231
In base 6, what is -3054 + -2210?
-5304
In base 14, what is a + 57b?
587
In base 7, what is 16 - 20225?
-20206
In base 6, what is 3 + -202203?
-202200
In base 8, what is -46 - -125203?
125135
In base 9, what is 21 - 857?
-836
In base 5, what is -4 - -43221?
43212
In base 14, what is -2d9 + 74?
-265
In base 7, what is -1536041 - 3?
-1536044
In base 12, what is -7a48 - 2?
-7a4a
In base 14, what is -111760 + -1?
-111761
In base 7, what is -5206602 + -1?
-5206603
In base 10, what is -4 - -1231?
1227
In base 5, what is -14 - 10343?
-10412
In base 16, what is -38 + -12e5?
-131d
In base 10, what is -180 + 244?
64
In base 8, what is 40 + 606741?
607001
In base 16, what is -5 + 5fa3?
5f9e
In base 11, what is -3 + 120259?
120256
In base 12, what is 684a6 + 2?
684a8
In base 14, what is 542 - -77c?
cc0
In base 4, what is 13202111 + 132?
13202303
In base 16, what is 2b + 1415?
1440
In base 8, what is -3535 - 15?
-3552
In base 5, what is 2 - 211424343?
-211424341
In base 11, what is -3a59 - -72?
-3997
In base 6, what is 31 + -12205?
-12134
In base 13, what is 3b8 + 19?
404
In base 9, what is -17264 + 3?
-17261
In base 8, what is 505605 - -1?
505606
In base 9, what is -4 + 1125658?
1125654
In base 12, what is 4 - -44731?
44735
In base 3, what is -112 - -11110021200?
11110021011
In base 6, what is 10113104 + -3?
10113101
In base 12, what is -9a74 + 3?
-9a71
In base 13, what is 1a + -402?
-3b5
In base 11, what is -27 + -646?
-672
In base 7, what is -1305223 + -2?
-1305225
In base 7, what is -103635 + 12?
-103623
In base 16, what is -f828 - 3?
-f82b
In base 15, what is -2ce95 - 0?
-2ce95
In base 15, what is 0 - 6419?
-6419
In base 5, what is 1042010 + -30?
1041430
In base 7, what is -24635 - 0?
-24635
In base 6, what is -10313033 - -10?
-10313023
In base 3, what is 0 - 10012110110?
-10012110110
In base 6, what is 4552432 + 5?
4552441
In base 15, what is -2e + 227?
1e8
In base 3, what is 102021001 - -100122?
102121200
In base 2, what is 10 - -11010001101101?
11010001101111
In base 4, what is -131331210202 - -3?
-131331210133
In base 6, what is -5344312 - -4?
-5344304
In base 2, what is 0 - 11101100000000?
-11101100000000
In base 6, what is 440453 - 44?
440405
In base 10, what is -40930 - -13?
-40917
In base 8, what is 11036667 - -5?
11036674
In base 8, what is -64235 - -3?
-64232
In base 7, what is 5616 + -143?
5443
In base 7, what is -1666 + -1052?
-3051
In base 5, what is 300 - 133341?
-133041
In base 15, what is 0 - -3788?
3788
In base 13, what is 8 + 268c?
2697
In base 3, what is -1212 + 1002001?
1000012
In base 3, what is -2 + 10100121?
10100112
In base 13, what is -1a0207 - 3?
-1a020a
In base 7, what is 23 + -22226?
-22203
In base 6, what is -21401 - 3?
-21404
In base 3, what is 0 - -1022020002?
1022020002
In base 10, what is 10668 - 1?
10667
In base 12, what is 3 - 12a66?
-12a63
In base 7, what is -10 + 122424?
122414
In base 16, what is -24ef + 2?
-24ed
In base 10, what is 2 - -2255?
2257
In base 13, what is 3 - -8a08?
8a0b
In base 10, what is -30 - 1751?
-1781
In base 3, what is -212221 - -121002?
-21212
In base 5, what is 3 - 4323204?
-4323201
In base 10, what is 71400 - -5?
71405
In base 3, what is 1211220 + 12?
1212002
In base 5, what is -142424 + 331?
-142043
In base 9, what is 4476 - 46?
4430
In base 15, what is 1ac849 - -1?
1ac84a
In base 10, what is 501304 - 2?
501302
In base 3, what is 1101020 - -1021010?
2122100
In base 8, what is -44501 - -5?
-44474
In base 9, what is -706 - 25?
-732
In base 11, what is -19 - 1904a7?
-190515
In base 3, what is -2122121100 - -1012?
-2122120011
In base 11, what is -160 + 24?
-137
In base 5, what is 0 + 4003213?
4003213
In base 12, what is 18b4 - 2?
18b2
In base 11, what is 1228 + 8?
1235
In base 3, what is -2 - -121021201?
121021122
In base 15, what is 2b + -6573?
-6547
In base 10, what is 113713 - 2?
113711
In base 14, what is 3c9 - a88?
-69d
In base 8, what is 1310476 + 4?
1310502
In base 12, what is 19b + -895?
-6b6
In base 11, what is 18a8a - 39?
18a5